) = c**2 + 10 - 3*c - 4 + 0*c + 4*c. Calculate the remainder when 15 is divided by x(0).
3
Let o(q) be the second derivative of -5*q**3/6 - 9*q**2/2 + 6*q. What is the remainder when 46 is divided by o(-5)?
14
What is the remainder when 15 is divided by (-8)/(-12) + (-32)/(-6)?
3
Let i = 99 + 21. Calculate the remainder when i is divided by 31.
27
Suppose 2*d - 3*d = -6. Suppose u = d*u + w - 66, 0 = u + 4*w + 2. What is the remainder when 40 is divided by u?
12
What is the remainder when ((-9 - -8)*1)/(1/(-83)) is divided by 42?
41
Suppose -154 = 4*v + 3*y, 2*v - 4*v + 4*y - 66 = 0. Suppose -80 - 8 = 4*k. Let p = k - v. What is the remainder when p is divided by 4?
3
Let m = 56 - 2. What is the remainder when m is divided by (-2 - 0)/(1*(-4)/28)?
12
Suppose 3*d = d + 8. What is the remainder when 1 - 1 - -1*11 is divided by d?
3
Let k = -24 + 32. Calculate the remainder when 21 is divided by k.
5
Let k = 1 + 6. Let t = k + -11. Calculate the remainder when t - -1 - (-1 + -30) is divided by 15.
13
Suppose -3*q = 2 + 1. Let d be 0 - 3/1*q. Suppose 0*o = d*o - 21. Calculate the remainder when o is divided by 2.
1
Let q be -2 + 4 - (-1 - 0). Suppose 4*z + 4 = -q*a + 27, z + a = 7. Calculate the remainder when 54 is divided by (-123)/(-9) - z/(-6).
12
Let f = -5 + 9. Let w(y) = -6*y**2 + 3*y**3 - 2*y**3 - 2*y**3 - f - 3*y. Calculate the remainder when 40 is divided by w(-6).
12
Calculate the remainder when -1*(-2 - -1) - 108/(-3) is divided by 10.
7
Suppose 12 = 2*q - 126. What is the remainder when q is divided by 12?
9
Suppose 100 = -3*r + 8*r. Let m be -15*(-2 - r/(-3)). Let i = 99 + m. What is the remainder when i is divided by 15?
14
Let z(t) = -t**3 + 6*t**2 + 1. Let h be z(6). Let b = 24 + 10. Calculate the remainder when b is divided by h + 33/(-6)*-2.
10
Calculate the remainder when ((-88)/6)/((-6)/9) is divided by 8.
6
Let f(r) = -r**3 + 5*r**2 + r - 1. Calculate the remainder when 10 is divided by f(5).
2
Let z(j) = j**3 + 13*j**2 - 16*j - 14. Let w be z(-14). Suppose -q + w = 1. Calculate the remainder when 23 is divided by q.
10
Let s = -93 - -96. Calculate the remainder when s is divided by 1.
0
Suppose 2*q = -2*q + 4. Calculate the remainder when 51/9 + -1 - 4/(-12) is divided by ((-4)/6)/q*-3.
1
Let g(t) = 4*t**3 - 3*t**2 + 2*t - 3. Let x be g(2). Let d = -3 - x. Let m = -17 - d. Calculate the remainder when 12 is divided by m.
5
Let g be (5*2/1)/2. What is the remainder when (-2)/g + 167/5 is divided by 15 + 0 + (-1 - -3)?
16
Suppose 2 = -k + t, 3*k + 3*t - 7*t = -8. Calculate the remainder when 35 is divided by k - 48/((-8)/2).
11
Let z = -73 + 99. What is the remainder when z is divided by 10?
6
Suppose 2*b = p + 10, -2*b - p + 25 = 3*b. What is the remainder when 16 is divided by b?
1
Let z(f) = -4*f + 14. Let q be z(-8). Suppose -3*b + 58 = -5*x, -2*b + 3*b + 5*x = q. What is the remainder when b is divided by 9?
8
Let t = 102 + -61. Let p(s) = s**2 + 11*s - 4. Let h be p(-12). Suppose 3 = j - h. Calculate the remainder when t is divided by j.
8
Let n = 17 + -20. What is the remainder when (40/6)/(n/(-9)) is divided by 11?
9
Let g = -9 - -14. Suppose 0 = -f + v + g + 14, -f = 2*v - 4. What is the remainder when f is divided by 5?
4
Suppose 96 = 4*d + 3*a - a, -3*d + 72 = 4*a. Suppose 0 = 3*v - v - d. What is the remainder when 22 is divided by v?
10
Let o = -6 + 24. Calculate the remainder when 34 is divided by o.
16
Let y(h) = 2*h - 5. Let u be (-959)/(-63) + (-6)/27. Calculate the remainder when y(u) is divided by 7.
4
Let d be 42/(-35)*(-20)/(-6). Let w = -6 - -9. Calculate the remainder when (2 + d)/(-1) - -2 is divided by w.
1
Suppose 0 = -s + 6. Let m = 9 - 20. Let c = 6 - m. What is the remainder when c is divided by s?
5
Let d(s) = -26*s + 1. Calculate the remainder when d(-1) is divided by -3 - (-8 - -2) - -11.
13
Calculate the remainder when (-2 - -1)*(3/3 - 88) is divided by 15.
12
Let t = -1 - -3. Suppose 4 = -2*y + t*n, y + 3*n = 17 + 1. Calculate the remainder when 3 is divided by y.
0
Let a(p) = 2*p**2. Let x be a(-1). Let t be (x - -2) + 0 + -2. Let o = t - -23. Calculate the remainder when o is divided by 9.
7
Calculate the remainder when 3/(-6)*13*8/(-2) is divided by 7.
5
What is the remainder when 8 is divided by (-3 + (-1)/(-1))*-1*4?
0
Suppose -83 = -10*j + 247. Calculate the remainder when j is divided by 18.
15
Suppose 4*q = q + 60. What is the remainder when 118 is divided by q?
18
Let q(s) = -s - 3. Let w be q(-4). Suppose -7 = -x + 3. What is the remainder when x is divided by w + 1 + 4/1?
4
Let d = -33 + 58. What is the remainder when d is divided by 13?
12
Suppose -5*m - 22 = -6*m. Calculate the remainder when 85 is divided by m.
19
Let n be 22/6*(-2 - 7). Let i = n - -47. Let s = 27 - 19. Calculate the remainder when i is divided by s.
6
Suppose -5*z = -2*i + 3*i + 22, -6 = -z + 5*i. Let q(t) = -2*t**3 - 6*t**2 - 3*t + 5. Calculate the remainder when q(z) is divided by 17.
15
Let h = 6 + -4. Suppose -o = 2*j - 20, -h*o = -4*j + o + 30. Let q = -3 - -28. What is the remainder when q is divided by j?
7
Let m(i) = -3 + i - 6 - 3*i. Suppose 0*j - 4*j = 24. Calculate the remainder when 4 is divided by m(j).
1
What is the remainder when 11 is divided by 2/4*6 - -1?
3
Let r be -1 - -6*1 - 0. Let w = r - 9. Calculate the remainder when 27 is divided by (8/(-10))/(w/70).
13
Let w(v) = -2*v + 15. What is the remainder when 57 is divided by w(0)?
12
Suppose 0 = 3*o + 53 + 7. Let l = o - -27. Suppose x + 2*r + 4 = 7, 2*x - 5*r - 51 = 0. Calculate the remainder when x is divided by l.
6
Let n = -12 - -34. Calculate the remainder when 83 is divided by n.
17
Suppose -4*w = -3*w - 10. Let y = w + 1. Calculate the remainder when y is divided by 6.
5
Let o(y) = 7*y**2 + 11*y**2 - 2*y**2. Calculate the remainder when o(-1) is divided by 9.
7
Let t be ((-4)/(-10))/((-2)/10). Suppose 1 + 3 = p. Let a = t + p. What is the remainder when 3 is divided by a?
1
Let k = 5 + -3. Suppose -3*p + 2*a = k*p, -4*p = -4*a. Calculate the remainder when 9 is divided by 6 + 0 - (1 + p).
4
Calculate the remainder when 17 is divided by 1/1*(-11 + 17).
5
Let l = 10 - -9. What is the remainder when l is divided by 10?
9
Suppose 8*b + 55 = 223. Calculate the remainder when 59 is divided by b.
17
Let n(j) = -3*j - 2. Let r be n(2). Let x(s) = 2*s**2 + 12*s. Let l be x(r). Suppose -l = -3*t - 2. What is the remainder when 28 is divided by t?
8
Let l(v) = -10*v**3 + v**2 + v + 1. Suppose 4*a + 4*n - 28 = 0, -5*a + 23 = 2*n - 3. What is the remainder when l(-1) is divided by a?
3
Let b be 5/3 - 8/(-24). Let q(y) = 3*y**2 + 2*y - 2. Let t = -51 + 76. Calculate the remainder when t is divided by q(b).
11
Let j = 123 + -28. What is the remainder when j is divided by 24?
23
Let n = -69 - -110. Suppose j - n = -0*j + 4*k, -2*j + 5*k + 94 = 0. Suppose -20 = -2*a + 10. What is the remainder when j is divided by a?
12
Let b = 5 - 2. Let o(w) = -w**3 + 3*w**2 + 3. Let a = -9 + 17. Calculate the remainder when a is divided by o(b).
2
Let q(f) = 9*f + 38. Calculate the remainder when q(7) is divided by 35.
31
Let q(s) = 12*s - 112. Let h = 77 - 38. What is the remainder when h is divided by q(11)?
19
Let f(g) be the third derivative of g**4/12 - g**3 - 3*g**2. What is the remainder when (-4)/(-2) + (13 - -2) is divided by f(6)?
5
Suppose 0 = -m + 5*m - 160. Suppose 0 = 6*i - i. Suppose -28 = -2*k - i*k. Calculate the remainder when m is divided by k.
12
Let z(m) = m**3 - 5*m**2 + 5*m - 2. What is the remainder when z(5) is divided by 3*1 - 30/(-6)?
7
Let w be (36/(-8))/(2/4). Suppose -3*a = -2*a + 3*x + 9, -4*a = 3*x - 9. Calculate the remainder when (-8)/36 - 92/w is divided by a.
4
Suppose -3*r = r. Suppose d - 2*p = -1 + 4, d - 5*p = r. Suppose y = -4*h + 3, -5*y - 13 = h + 10. Calculate the remainder when d is divided by h.
1
Let z(v) = v**2 - 5*v + 4. Let m(p) = -p**3 - 4*p**2 + 3*p - 7. Let r be m(-5). What is the remainder when 32/r - (-2)/(-3) is divided by z(5)?
2
Suppose -2 - 1 = -x. Let t = x + 0. What is the remainder when 4/18 - (264/(-27) - -3) is divided by t?
1
Let a(c) = -c. Let q be 84/(-15) + (-4)/10. Calculate the remainder when a(q) is divided by 2.
0
Suppose -2 = -0*q + 2*q. What is the remainder when (363/22)/(q/(-2)) is divi